 the hundred thousands digit of 1745247?
7
What is the tens digit of 456358?
5
What is the tens digit of 192607?
0
What is the ten thousands digit of 1838314?
3
What is the hundred thousands digit of 141332?
1
What is the thousands digit of 184031?
4
What is the ten thousands digit of 9164290?
6
What is the units digit of 5245344?
4
What is the ten thousands digit of 15332702?
3
What is the units digit of 149381?
1
What is the hundred thousands digit of 3262601?
2
What is the hundreds digit of 437249?
2
What is the units digit of 101158?
8
What is the hundred thousands digit of 321807?
3
What is the hundreds digit of 626217?
2
What is the tens digit of 262096?
9
What is the thousands digit of 8926874?
6
What is the units digit of 61364?
4
What is the millions digit of 8821819?
8
What is the thousands digit of 560335?
0
What is the ten thousands digit of 532129?
3
What is the ten millions digit of 14079013?
1
What is the hundreds digit of 157145?
1
What is the millions digit of 2215936?
2
What is the units digit of 945704?
4
What is the thousands digit of 101907?
1
What is the hundreds digit of 1464299?
2
What is the units digit of 6860?
0
What is the tens digit of 1702540?
4
What is the units digit of 111073?
3
What is the ten thousands digit of 111470?
1
What is the ten thousands digit of 2003590?
0
What is the units digit of 1351920?
0
What is the ten thousands digit of 33360?
3
What is the ten thousands digit of 475673?
7
What is the hundred thousands digit of 204424?
2
What is the millions digit of 5220711?
5
What is the units digit of 166479?
9
What is the hundreds digit of 1737884?
8
What is the thousands digit of 118599?
8
What is the ten thousands digit of 18392618?
9
What is the hundreds digit of 1179628?
6
What is the thousands digit of 286604?
6
What is the units digit of 15431608?
8
What is the hundred thousands digit of 252948?
2
What is the thousands digit of 8887147?
7
What is the hundreds digit of 471035?
0
What is the hundred thousands digit of 158695?
1
What is the units digit of 500148?
8
What is the units digit of 1714274?
4
What is the hundred thousands digit of 30572844?
5
What is the units digit of 7072882?
2
What is the hundred thousands digit of 5693222?
6
What is the tens digit of 14894?
9
What is the millions digit of 2701499?
2
What is the millions digit of 7368862?
7
What is the units digit of 2801930?
0
What is the units digit of 146542?
2
What is the hundreds digit of 155007?
0
What is the ten thousands digit of 969648?
6
What is the tens digit of 1416766?
6
What is the tens digit of 152471?
7
What is the hundred thousands digit of 6568565?
5
What is the ten thousands digit of 4828193?
2
What is the ten thousands digit of 201007?
0
What is the hundred thousands digit of 126563?
1
What is the millions digit of 1713896?
1
What is the hundreds digit of 1104064?
0
What is the units digit of 12307264?
4
What is the hundred thousands digit of 106395?
1
What is the thousands digit of 61167?
1
What is the thousands digit of 606487?
6
What is the millions digit of 18630799?
8
What is the thousands digit of 1832634?
2
What is the units digit of 142753?
3
What is the hundred thousands digit of 2377519?
3
What is the tens digit of 215111?
1
What is the tens digit of 141295?
9
What is the ten thousands digit of 187048?
8
What is the ten thousands digit of 25620263?
2
What is the units digit of 5792056?
6
What is the hundreds digit of 3772670?
6
What is the millions digit of 1035925?
1
What is the millions digit of 1181561?
1
What is the hundreds digit of 269885?
8
What is the thousands digit of 15370?
5
What is the hundred thousands digit of 358655?
3
What is the ten thousands digit of 411692?
1
What is the ten thousands digit of 565124?
6
What is the thousands digit of 7686063?
6
What is the tens digit of 22634?
3
What is the tens digit of 209045?
4
What is the units digit of 97114?
4
What is the millions digit of 1718140?
1
What is the hundreds digit of 294014?
0
What is the units digit of 11085398?
8
What is the units digit of 2413626?
6
What is the ten thousands digit of 354106?
5
What is the hundreds digit of 493854?
8
What is the ten thousands digit of 224922?
2
What is the tens digit of 31496?
9
What is the hundreds digit of 448332?
3
What is the hundred thousands digit of 886571?
8
What is the hundreds digit of 335098?
0
What is the hundreds digit of 2931635?
6
What is the hundreds digit of 3120456?
4
What is the units digit of 1405434?
4
What is the ten thousands digit of 26390?
2
What is the hundreds digit of 36848?
8
What is the tens digit of 13657767?
6
What is the hundred thousands digit of 2863581?
8
What is the thousands digit of 33030?
3
What is the ten thousands digit of 854478?
5
What is the millions digit of 1006379?
1
What is the ten thousands digit of 263030?
6
What is the hundred thousands digit of 324416?
3
What is the hundred thousands digit of 2909129?
9
What is the hundreds digit of 182210?
2
What is the tens digit of 462645?
4
What is the tens digit of 265429?
2
What is the units digit of 2383688?
8
What is the hundred thousands digit of 146354?
1
What is the hundred thousands digit of 3895192?
8
What is the tens digit of 6628588?
8
What is the ten thousands digit of 1073098?
7
What is the ten thousands digit of 12014478?
1
What is the ten thousands digit of 226189?
2
What is the thousands digit of 1337034?
7
What is the ten millions digit of 21696617?
2
What is the ten thousands digit of 495753?
9
What is the ten thousands digit of 36986?
3
What is the units digit of 788633?
3
What is the hundreds digit of 1615367?
3
What is the thousands digit of 665035?
5
What is the tens digit of 222518?
1
What is the ten thousands digit of 842371?
4
What is the ten thousands digit of 2319540?
1
What is the millions digit of 1468134?
1
What is the hundreds digit of 1724237?
2
What is the thousands digit of 784599?
4
What is the units digit of 428128?
8
What is the tens digit of 809002?
0
What is the hundreds digit of 1188?
1
What is the units digit of 210450?
0
What is the tens digit of 18667532?
3
What is the thousands digit of 12950438?
0
What is the units digit of 152439?
9
What is the units digit of 1651853?
3
What is the tens digit of 39711?
1
What is the tens digit of 20407917?
1
What is the thousands digit of 81458?
1
What is the tens digit of 259134?
3
What is the ten thousands digit of 5951599?
5
What is the ten thousands digit of 4155239?
5
What is the tens digit of 247757?
5
What is the hundreds digit of 943021?
0
What is the units digit of 18099?
9
What is the ten thousands digit of 2885006?
8
What is the ten millions digit of 20705450?
2
What is the tens digit of 105318?
1
What is the thousands digit of 17517?
7
What is the units digit of 40947?
7
What is the thousands digit of 328583?
8
What is the tens digit of 462100?
0
What is the thousands digit of 593542?
3
What is the units digit of 192730?
0
What is the ten thousands digit of 118111?
1
What is the thousands digit of 706877?
6
What is the millions digit of 7163453?
7
What is the hundreds digit of 4572030?
0
What is the units digit of 98998?
8
What is the units digit of 3478?
8
What is the tens digit of 804345?
4
What is the hundred thousands digit of 242888?
2
What is the tens digit of 4384862?
6
What is the units digit of 523276?
6
What is the tens digit of 327619?
1
What is the thousands digit of 82080?
2
What is the thousands digit of 2371521?
1
What is the tens digit of 1499843?
4
What is the thousands digit of 696866?
6
What is the hundreds digit of 947708?
7
What is the hundreds digit of 12361982?
9
What is the hundred thousands digit of 421336?
4
What is the tens digit of 2080140?
4
What is the tens digit of 1377254?
5
What is the tens digit of 1300046?
4
What is the hundreds digit of 610842?
8
What is the tens digit of 1303953?
5
What is the tens digit of 8904250?
5
What is the ten thousands digit of 4014572?
1
What is the units digit of 337579?
9
What is the tens digit of 1384253?
5
What is the tens digit of 252792?
9
What is the thousands digit of 29767030?
7
What is the thousands digit of 6235865?
5
What is the units digit of 1178464?
4
What is the tens digit of 419466?
6
What is the hundreds digit of 377868?
8
What is the uni